
What is the greatest common factor of 108399 and 138?
69
What is the greatest common divisor of 11664 and 744066?
486
Calculate the highest common divisor of 166 and 62333.
83
What is the greatest common divisor of 47 and 100721?
47
Calculate the highest common divisor of 1080 and 1323.
27
What is the greatest common divisor of 347 and 1584749?
347
Calculate the greatest common factor of 486 and 507.
3
What is the greatest common divisor of 92738 and 2084?
1042
Calculate the highest common factor of 1690271 and 407.
407
Calculate the highest common divisor of 24 and 154980.
12
What is the highest common divisor of 299132 and 1643?
53
Calculate the highest common factor of 616 and 310772.
308
Calculate the highest common divisor of 309379 and 3206.
1603
What is the highest common factor of 858022 and 473?
473
What is the greatest common divisor of 432056 and 424?
424
Calculate the highest common factor of 80436 and 114.
6
What is the highest common factor of 1900 and 3940?
20
What is the greatest common divisor of 198648 and 465?
93
Calculate the greatest common divisor of 24075 and 1350.
225
Calculate the greatest common divisor of 5916 and 6868.
68
Calculate the greatest common factor of 1280594 and 861.
287
What is the highest common factor of 2537 and 4687?
43
Calculate the highest common divisor of 190 and 3008.
2
What is the highest common divisor of 690 and 2490?
30
Calculate the greatest common divisor of 492 and 44444.
164
What is the greatest common divisor of 205257 and 351?
39
Calculate the greatest common factor of 15 and 375060.
15
What is the greatest common divisor of 19567819 and 67?
67
What is the highest common factor of 7272343 and 13?
13
Calculate the greatest common factor of 56 and 3904.
8
Calculate the highest common factor of 1102698 and 126.
18
What is the greatest common divisor of 8856 and 2337?
123
What is the highest common divisor of 7332 and 264108?
156
Calculate the greatest common divisor of 234509 and 11.
11
Calculate the greatest common factor of 8664 and 48.
24
Calculate the greatest common divisor of 41 and 4538.
1
Calculate the highest common divisor of 575440 and 144.
16
Calculate the greatest common divisor of 458 and 238618.
458
Calculate the highest common divisor of 1737 and 24125.
193
What is the highest common factor of 5355 and 92565?
765
Calculate the highest common divisor of 9373 and 20865.
13
What is the highest common divisor of 1875 and 21825?
75
What is the highest common factor of 385362 and 41238?
1422
What is the highest common divisor of 524 and 354617?
131
Calculate the greatest common factor of 2970 and 459.
27
Calculate the greatest common divisor of 375 and 7725.
75
What is the highest common divisor of 19680 and 74292?
492
What is the highest common divisor of 27667 and 511?
73
Calculate the highest common factor of 238 and 356966.
34
What is the highest common divisor of 20514 and 237?
3
Calculate the greatest common factor of 774 and 231254.
86
Calculate the greatest common divisor of 190454 and 11805.
787
What is the greatest common divisor of 30135 and 336?
21
What is the highest common factor of 4901 and 116?
29
Calculate the highest common divisor of 209174 and 7504.
938
What is the greatest common factor of 58227 and 546?
39
What is the greatest common factor of 41723 and 33?
11
What is the highest common factor of 169443 and 23517?
603
What is the highest common factor of 3402 and 51786?
378
Calculate the greatest common factor of 1225 and 7336.
7
Calculate the greatest common factor of 51 and 169371.
51
What is the highest common divisor of 134 and 2390962?
134
Calculate the greatest common divisor of 57 and 1428211.
19
What is the greatest common factor of 366 and 793?
61
Calculate the highest common divisor of 169848 and 504.
504
Calculate the highest common factor of 13506336 and 2208.
2208
What is the highest common divisor of 42768 and 270?
54
What is the highest common factor of 1071521 and 638?
319
What is the greatest common divisor of 129518 and 62?
62
Calculate the greatest common divisor of 7 and 326809.
7
What is the greatest common factor of 13395 and 435?
15
What is the greatest common divisor of 236032 and 512?
512
Calculate the highest common factor of 40 and 1416.
8
Calculate the highest common divisor of 6 and 219048.
6
What is the highest common divisor of 560 and 5360?
80
What is the highest common divisor of 56 and 1777538?
14
Calculate the greatest common divisor of 128 and 1288.
8
Calculate the highest common factor of 159 and 2357228.
53
What is the highest common divisor of 675 and 14625?
225
What is the highest common divisor of 142716 and 8?
4
Calculate the highest common divisor of 178 and 1055273.
89
What is the greatest common factor of 490 and 56?
14
Calculate the greatest common divisor of 589 and 713.
31
What is the greatest common factor of 94 and 1922535?
47
What is the highest common divisor of 956 and 16?
4
What is the highest common factor of 2444 and 24180?
52
Calculate the highest common divisor of 253 and 168176.
23
Calculate the highest common factor of 11673 and 948107.
1297
What is the greatest common divisor of 17548 and 8036?
164
Calculate the highest common divisor of 30101 and 651.
31
Calculate the greatest common factor of 7089 and 75477.
417
What is the greatest common divisor of 9945 and 63765?
585
What is the highest common divisor of 2798760 and 72?
24
Calculate the highest common divisor of 9729 and 33840.
423
What is the highest common divisor of 16686 and 1863?
81
Calculate the greatest common factor of 2080141 and 464.
29
What is the greatest common factor of 51 and 920?
1
Calculate the highest common divisor of 770 and 5346.
22
Calculate the highest common factor of 16819 and 11.
11
What is the highest common factor of 714 and 41582?
34
What is the highest common divisor of 170345 and 189?
7
Calculate the highest common divisor of 975361 and 23.
23
What is the greatest common divisor of 423867 and 207?
69
What is the highest common factor of 90 and 65295?
45
Calculate the greatest common divisor of 10 and 13918.
2
Calculate the greatest common divisor of 19412 and 1656.
92
Calculate the highest common factor of 208 and 259272.
104
Calculate the greatest common divisor of 117953 and 2.
1
Calculate the greatest common divisor of 119168 and 129808.
2128
Calculate the greatest common divisor of 1650 and 1551.
33
Calculate the greatest common divisor of 1630446 and 4390.
878
What is the highest common divisor of 2136 and 54?
6
Calculate the highest common factor of 122537 and 181.
181
What is the greatest common divisor of 1 and 216449?
1
Calculate the greatest common factor of 2822 and 544.
34
Calculate the greatest common divisor of 1612389 and 1145.
229
What is the highest common divisor of 99 and 52250?
11
What is the greatest common divisor of 41 and 80237?
41
Calculate the greatest common factor of 200 and 7316600.
200
Calculate the greatest common factor of 21038 and 536.
134
What is the highest common factor of 1118 and 373068?
86
What is the greatest common divisor of 903481 and 818?
409
Calculate the greatest common factor of 7254 and 51584.
806
What is the highest common divisor of 272 and 256?
16
What is the highest common divisor of 575102 and 242?
22
Calculate the highest common divisor of 2277 and 26059.
253
Calculate the highest common divisor of 19116 and 3062808.
2124
What is the greatest common factor of 702 and 93600?
234
What is the highest common factor of 406 and 308966?
406
What is the highest common factor of 100 and 17950?
50
What is the highest common divisor of 8820 and 330120?
1260
Calculate the greatest common factor of 110826 and 23688.
846
Calculate the greatest common divisor of 44829 and 47173.
293
Calculate the greatest common divisor of 242 and 402930.
242
What is the greatest common divisor of 25192 and 6968?
536
What is the highest common divisor of 1136 and 1556888?
568
What is the greatest common factor of 70059 and 363?
363
Calculate the greatest common factor of 3105947 and 39.
13
Calculate the greatest common divisor of 9438 and 902.
22
Calculate the highest common factor of 220 and 131505.
55
Calculate the highest common factor of 4921927 and 41.
41
Calculate the highest c